2/(-4))/2. Suppose 0 = -b*p - 0 + 3. Let o(g) = p + g + 3 - 5. What is o(1)?
0
Let c(m) = -m**3 - 3*m**2 + 5*m - 1. Suppose 32 = -4*t - 4*t. What is c(t)?
-5
Let f(p) = -5*p - 1. Let d(m) = -m**2 - 4*m - 5. Let g be d(-2). Give f(g).
4
Let n(v) = -4*v**2 - 1 + 5 + v + 3*v**2 + 0*v**2. Let g = -3 - -3. Calculate n(g).
4
Let j(h) be the first derivative of -1/3*h**3 + 6*h + 2*h**2 - 7. Determine j(5).
1
Let s(w) = -4*w**2 + 3 - 4*w + 5*w**2 + 9*w. Determine s(-5).
3
Let y(x) be the first derivative of 4*x**3/3 - x - 3. Suppose -6*p = -2*p - 4. What is y(p)?
3
Let n(z) = -z**3 - 3*z**2 - 1. Suppose -85 = -0*g - 5*g. Suppose -3*u - 4 = o, u - g = -3*o - 5. Determine n(u).
-1
Let u = 10 + -5. Suppose 2*p + 5*l = 2*l + 1, -u*p + l = 6. Let k(d) = 9*d**3 + 7*d - 2*d - 1 + d**2 - 6*d. Determine k(p).
-8
Let o(n) = -2*n**3 + n**2 + 2*n + 1. Let m(w) = w**3 - w**2. Let f(s) = -4*m(s) - o(s). Give f(2).
-9
Let b(p) = 4*p**2 + 3*p - 1. Let w be b(1). Let d(k) = 3*k**3 + 7*k - 4 - 7*k**2 - 3*k**3 + k**3. Give d(w).
2
Let g(i) = 3*i**2 + 35*i - 1. Let u = -1 + -5. Let k(x) = x**2 + 12*x. Let j(n) = u*g(n) + 17*k(n). Give j(-6).
6
Let r(p) = p**2 + p + 5. Let o be r(0). Let j = 10 - o. Let n(d) be the second derivative of d**5/20 - d**4/2 + 7*d**3/6 - 2*d**2 + 8*d. What is n(j)?
6
Let f(w) be the second derivative of -w**3/3 - w**2/2 + 4*w. What is f(4)?
-9
Let r be -2 + 4 - (1 - 13). Let t be (-2)/7 + 4/r. Let l = t - -1. Let z(n) = 3*n**2 - 2*n + 1. Calculate z(l).
2
Let l(w) be the second derivative of -w**5/20 - w**4/12 + w**3/3 - w**2 - 3*w. Let g(o) be the first derivative of l(o). Give g(-2).
-6
Let l = 10 + -6. Suppose l*d - 17 = -b, -4*d - 4*b + 26 = -2*d. Let a(r) = d - r - 6 - r. Calculate a(-2).
1
Let a(y) = 12*y**2 - 1. Suppose 4 - 1 = 3*z. Calculate a(z).
11
Let m(o) = -5*o**2 - 6 + 1 - 7*o + 0*o**2 + 9*o + o**3. Calculate m(4).
-13
Let m be -1 - (-6 - (-1)/1). Let u(n) be the first derivative of -n**2/2 + 2*n - 9. Determine u(m).
-2
Suppose 42 = 2*t - 4*t - 4*a, 48 = -3*t - a. Let d = t - -21. Let x(m) = -5 + m**3 + 3 + 8*m - 7 - 7*m**2. Calculate x(d).
3
Let k(w) = -w**2 - 5*w - 2. Let x be 4 + (3 - 2) + -1. Let v(n) = 5*n - 6. Let h be v(x). Suppose 0 = -t - 5*p - h, 0*t + 3*p = 5*t + 14. What is k(t)?
2
Let r(f) be the first derivative of f**2/2 - 5*f - 166. Let t be (6/7)/(1/7). Determine r(t).
1
Let n(a) be the first derivative of a**3/3 - 6*a - 1. What is n(5)?
19
Let w(v) be the first derivative of -v**4/4 + v**3 - 3*v**2/2 - v - 2. Determine w(3).
-10
Let a(g) be the first derivative of -g**3/3 + g**2/2 + 4*g + 1. What is a(3)?
-2
Let f(z) = z**2 + 7*z + 1. Let p(m) = -2*m**3 + 2*m**2 + m. Let a be p(2). Give f(a).
-5
Let g(j) = -3*j. Let i(p) = 5*p - 2*p - 4*p - 3. Let o be i(-7). Let b(u) = -3*u. Let f(r) = o*g(r) - 3*b(r). What is f(2)?
-6
Let d(g) = -g**2 - 2*g + 3. Suppose 6*x = -2 + 14. Determine d(x).
-5
Let w(i) = i**3 - 3*i**2 - 5*i + 1. Let b be w(4). Let k(u) = -1 - 3*u + 7 + 0 + 3*u**2 - 9 + u**3. Determine k(b).
6
Let d(j) = -j + 7. Suppose -2*f + 21 = 4*y - 1, 0 = -y + 4*f - 8. Let h = -4 + y. Suppose h*i - 15 = -3*i. Calculate d(i).
2
Suppose -n = 2*n + 6. Let z(h) = -h**3 - 2*h**2 + 2. Let x be z(n). Let y(t) = -x*t + 0 + 2*t**3 - 2*t**2 - 1 - t**3. What is y(-1)?
-2
Suppose 0 = 5*m + 4*w, 0 = m - 5*w + w. Let q(n) = -n + 2*n + 0 + m - 2. Calculate q(0).
-2
Let d(y) = -4*y**2 + 1. Let z(r) = r**2. Let l(o) = 2*d(o) + 9*z(o). Give l(-4).
18
Let c(z) = 4*z - 1. Let a(n) = 2 - 6 + 3*n - 2*n. Let p be a(6). Determine c(p).
7
Let p(m) = -3*m - 8. Let t be p(-4). Suppose 3 = -t*j - 5. Let z(s) = 2*s + 3. Determine z(j).
-1
Let g(f) be the third derivative of -f**6/120 + f**5/12 + 7*f**3/6 + 3*f**2. Suppose -4*y + 8 = -5*k - 7, 2*y + 5*k - 15 = 0. What is g(y)?
7
Suppose 3 + 3 = 3*i. Let q be (-10)/15 + 14/3. Let a(j) = 3 + 0 - 3 + q - j. Calculate a(i).
2
Let z(j) = -2 + j**2 + 3 - 5. Let u = -6 - -11. Let r = 5 - u. Determine z(r).
-4
Let j(o) = 102*o + 8*o**2 + 4 + 1 - 95*o + o**3. Determine j(-7).
5
Let v(o) = 5*o - 4. Let i(r) = -8*r + 7. Let j(a) = 3*i(a) + 5*v(a). Give j(-4).
-3
Let n(t) = -5*t**2 - 4*t - 6. Suppose -3 - 2 = -w. Let q(r) = -6*r**2 - 5*r - 7. Let h(z) = w*n(z) - 4*q(z). Determine h(-3).
-11
Let u(j) = j**2 + 12*j - 11. Let d be u(-13). Let o(y) = 5*y**2 + 5*y**d + 9*y**2 - 18*y**2 + 6*y + 3. Calculate o(-5).
-2
Let c(n) = -n**3 - 3*n**2 - 2*n - 2. Let b be (-18)/(-63) + (-46)/14. Calculate c(b).
4
Let g(t) be the second derivative of -t**4/12 - 2*t**3/3 - 3*t**2/2 + 5*t. Let j be (-32)/18 - 6/27. Give g(j).
1
Let s(q) be the second derivative of q**4/8 - q**3/6 + q**2 + 4*q. Let d(g) be the first derivative of s(g). Give d(2).
5
Let d(x) = -4*x**2 - 20*x + 2. Let q be d(-5). Let k(l) be the first derivative of 1/3*l**3 + 3/2*l**q - 4 - 4*l. Calculate k(-4).
0
Let f(d) = 6*d**3 - 11*d**2 + 11*d + 4. Let v(a) = -5*a**3 + 10*a**2 - 10*a - 4. Let w(l) = -4*f(l) - 5*v(l). Let r = -7 + 12. Calculate w(r).
9
Let d(q) be the third derivative of q**6/120 + q**5/15 + q**4/24 - q**3/3 - 2*q**2. Suppose -3*y - 5 = -4*y. Suppose 3*i = y*i + 6. What is d(i)?
4
Let n(g) be the third derivative of -g**8/20160 - g**6/720 + g**5/12 - 3*g**2. Let p(b) be the third derivative of n(b). What is p(-2)?
-5
Suppose 2*s = -2 + 8. Let f(p) = 4*p**3 + 2*p**2 + p + 2. Let n(b) = -3*b**3 - b**2 - b - 3. Let x(z) = s*n(z) + 2*f(z). Calculate x(0).
-5
Let w(y) = 3*y - y + 0*y - y. Let j(c) = -c**3 - c**2 - 6*c + 5. Let x(n) = j(n) + 5*w(n). What is x(0)?
5
Let m(b) = b**2 + 6*b - 3. Suppose -3 = 3*w - 12. Suppose 0 = r + 9 - w. Calculate m(r).
-3
Let l(t) = 3*t + 1 - 10*t + 1. Let x(m) = -6*m + 3. Let b(j) = -4*l(j) + 5*x(j). Calculate b(6).
-5
Let d(s) = -s**3 - 2*s**2 - 2. Let l be d(0). Let p(h) = -h - 1. Determine p(l).
1
Let h(s) = -s + 6. Let g be h(2). Let q(r) be the second derivative of 0 + 0*r**3 + 1/2*r**2 - 1/10*r**5 - 1/6*r**g + r. Determine q(1).
-3
Suppose o + 3*o = 8. Let h = o - 5. Let z(f) = f**3 + 4*f**2 + 4*f + 1. Give z(h).
-2
Let n(t) be the third derivative of t**5/60 - t**4/12 - 5*t**3/6 - 31*t**2. Give n(5).
10
Let b(j) = -7*j**3 - 2*j**2 - 4*j - 5. Let a(v) = v**2 - v + 1. Let i(t) = t**2 + 1. Let h(u) = a(u) - 2*i(u). Let s(c) = b(c) - 4*h(c). Calculate s(-1).
8
Let j be (3 + -3)/1 + 2. Let z(m) = 3 - 2 + 3*m**j - 4*m**2 - 3*m. Give z(-3).
1
Suppose 4*p + 3*r + 11 = 0, 2*p - 7 - 15 = 4*r. Suppose -3*z = -5 - p. Let u(m) = -m**2 - 2*m**2 + 6*m**2 - z*m**2. Determine u(-3).
9
Let d(u) = u**2 - 4*u. Let z(a) = -1. Let x(h) = d(h) - 4*z(h). What is x(3)?
1
Let q(d) = -d**2. Let i be 0*((-3)/(-2) - 1). Suppose 0 = 4*p + 4*r, 5*r - 3 = -13. Let k = p + i. What is q(k)?
-4
Let c be 4/(-5)*(-15)/2. Suppose -3*d - c - 21 = 0. Let a be d/6*4/6. Let j(q) = -3*q**2 + 1. Determine j(a).
-2
Suppose -3*d + 3*t - 3 = 0, -5*d + 2 = 5*t - 3*t. Let b(o) = -o - 1. Let p(r) = -r**2 - 2*r - 7. Let z(f) = 3*b(f) - p(f). Determine z(d).
4
Let x(i) be the third derivative of -i**5/60 + 5*i**4/24 + i**3/2 + 37*i**2. Calculate x(6).
-3
Let u(y) = 3*y - 7. Suppose 4 = 4*a + 36. Let h(z) = 4*z - 11. Let m(r) = a*u(r) + 5*h(r). What is m(3)?
-11
Let a(z) = -3*z**2 + 24*z - 1 + 2*z**2 - 3 - 18*z. Suppose 20 - 8 = 4*d. Suppose d*l + 5 - 17 = 0. Give a(l).
4
Let r = 9 - 6. Let q(f) be the first derivative of -3*f + 1/2*f**2 - 1. Give q(r).
0
Let s be -3 - (-1)/(4/(-12)). Let q(x) = -x**2 - 6*x + 7. Give q(s).
7
Let d(u) = 5*u**2 + 6 + 2*u**3 - u**3 - 6*u - 4. Suppose 7 = -4*o - 17. What is d(o)?
2
Let b(w) = w**2 - 2*w - 4. Let n(k) be the first derivative of -k**3/3 + 4*k**2 - 12*k + 1. Let i be n(8). Let m be (-40)/12*i/10. Calculate b(m).
4
Suppose 0 = -11*x + 42 + 2. Let r(t) = 5*t**2 - 9. Let j(k) = 4*k**2 - k - 8. Let c(g) = 4*j(g) - 3*r(g). Determine c(x).
-5
Let h(w) be the first derivative of w**3/3 - 3*w**2 - 10*w + 45. What is h(8)?
6
Suppose 0*d + 2*p + 16 = 4*d, 3*p + 19 = 5*d. Let u(g) = 5*g**2 + 5*g - 13. Let l(w) = w**2 - 1. Let i(s) = 6*l(s) - u(s). Give i(d).
7
Let u = 11 - 9. Let j(r) = -10*r**2 - 2 - 3*r**2 + 12*r**u - 3*r. Calculate j(-4).
-6
Let d(j) = -j**2 + 1. Let s(a) = 2*a**2 - 3*a - 2. Let k(q) = -3*d(q) - s(q). Suppose -3*z - 12 = -0*z. Let w be z + 0 - (-2 - -2). Give k(w).
3
Let t(h) be the first derivativ